{"id":428,"date":"2024-04-10T07:26:38","date_gmt":"2024-04-10T05:26:38","guid":{"rendered":"https:\/\/sp2plewiska.edu.pl\/?page_id=428"},"modified":"2025-03-10T13:12:22","modified_gmt":"2025-03-10T12:12:22","slug":"konkursy","status":"publish","type":"page","link":"https:\/\/sp2plewiska.edu.pl\/index.php\/konkursy\/","title":{"rendered":"Konkursy"},"content":{"rendered":"\n<p>Drodzy Uczniowie Klas 7!<\/p>\n\n\n\n<p>Serdecznie zapraszamy Was do udzia\u0142u w I Gminnym Konkursie Pi\u0119knego Czytania w J\u0119zyku Angielskim \u201eThe Art of Reading\u201d, organizowanym przez nasz\u0105 szko\u0142\u0119. To wyj\u0105tkowa okazja, by zaprezentowa\u0107 swoje umiej\u0119tno\u015bci j\u0119zykowe, sprawdzi\u0107 si\u0119 w pi\u0119knym czytaniu oraz poczu\u0107 magi\u0119 literatury angloj\u0119zycznej!<\/p>\n\n\n\n<p>Etap szkolny odb\u0119dzie si\u0119 25 marca 2025 r. o godzinie 13:55. Informacja o sali zostanie podana przed eliminacjami. Je\u015bli chcecie spr\u00f3bowa\u0107 swoich si\u0142, zg\u0142o\u015bcie si\u0119 do nauczycieli j\u0119zyka angielskiego do 18 marca 2025 r.<\/p>\n\n\n\n<p>Podczas eliminacji uczestnicy przeczytaj\u0105 losowo wybrany fragment z pierwszej cz\u0119\u015bci serii o Harrym Potterze \u2013 \u201eHarry Potter and the Philosopher\u2019s Stone\u201d. Najlepsi zostan\u0105 wy\u0142onieni przez jury i b\u0119d\u0105 reprezentowa\u0107 nasz\u0105 szko\u0142\u0119 w gminnym etapie konkursu, kt\u00f3ry odb\u0119dzie si\u0119 11 kwietnia 2025 r. w naszej szkole.<\/p>\n\n\n\n<p>Na zwyci\u0119zc\u00f3w czekaj\u0105 nagrody. <br><br>Zach\u0119camy do udzia\u0142u i \u017cyczymy powodzenia!<br>Nauczycielki j\u0119zyka angielskiego<\/p>\n\n\n\n<div class=\"wp-block-file\"><a id=\"wp-block-file--media-ab047428-9d82-4fd6-88cd-7b9d80446cf4\" href=\"https:\/\/sp2plewiska.edu.pl\/wp-content\/uploads\/2025\/03\/Regulamin-I-Gminnego-Konkursu-Pieknego-Czytania-w-Jezyku-Angielskim.pdf\">Regulamin I Gminnego Konkursu Pi\u0119knego Czytania w J\u0119zyku Angielskim<\/a><a href=\"https:\/\/sp2plewiska.edu.pl\/wp-content\/uploads\/2025\/03\/Regulamin-I-Gminnego-Konkursu-Pieknego-Czytania-w-Jezyku-Angielskim.pdf\" class=\"wp-block-file__button wp-element-button\" download aria-describedby=\"wp-block-file--media-ab047428-9d82-4fd6-88cd-7b9d80446cf4\">Pobierz<\/a><\/div>\n\n\n<div class=\"wp-block-image\">\n<figure class=\"aligncenter size-large\"><img fetchpriority=\"high\" decoding=\"async\" width=\"1024\" height=\"585\" src=\"https:\/\/sp2plewiska.edu.pl\/wp-content\/uploads\/2025\/03\/konkurs-ang-czyt-1024x585.png\" alt=\"\" class=\"wp-image-781\" srcset=\"https:\/\/sp2plewiska.edu.pl\/wp-content\/uploads\/2025\/03\/konkurs-ang-czyt-1024x585.png 1024w, https:\/\/sp2plewiska.edu.pl\/wp-content\/uploads\/2025\/03\/konkurs-ang-czyt-300x171.png 300w, https:\/\/sp2plewiska.edu.pl\/wp-content\/uploads\/2025\/03\/konkurs-ang-czyt-768x439.png 768w, https:\/\/sp2plewiska.edu.pl\/wp-content\/uploads\/2025\/03\/konkurs-ang-czyt-1536x878.png 1536w, https:\/\/sp2plewiska.edu.pl\/wp-content\/uploads\/2025\/03\/konkurs-ang-czyt.png 1792w\" sizes=\"(max-width: 1024px) 100vw, 1024px\" \/><\/figure>\n<\/div>\n\n\n<p><\/p>\n\n\n\n<hr class=\"wp-block-separator has-alpha-channel-opacity is-style-wide\"\/>\n\n\n\n<p class=\"has-background has-medium-font-size\" style=\"background:linear-gradient(90deg,rgb(204,255,220) 0%,rgb(182,227,212) 50%,rgb(51,52,181) 100%)\"><strong>Konkurs przyrodniczy dla klas 4<\/strong><\/p>\n\n\n\n<div class=\"wp-block-file\"><a id=\"wp-block-file--media-2ed85248-5c3c-44bf-97e4-2b288302bf3d\" href=\"https:\/\/sp2plewiska.edu.pl\/wp-content\/uploads\/2024\/04\/Konkurs_regulamin_klasy-4.pdf\">Regulamin konkursu<\/a><a href=\"https:\/\/sp2plewiska.edu.pl\/wp-content\/uploads\/2024\/04\/Konkurs_regulamin_klasy-4.pdf\" class=\"wp-block-file__button wp-element-button\" download aria-describedby=\"wp-block-file--media-2ed85248-5c3c-44bf-97e4-2b288302bf3d\">Pobierz<\/a><\/div>\n\n\n<div class=\"wp-block-image\">\n<figure class=\"aligncenter size-large is-resized\"><img decoding=\"async\" width=\"724\" height=\"1024\" src=\"https:\/\/sp2plewiska.edu.pl\/wp-content\/uploads\/2024\/04\/KONKURS-PRZYRODNICZY-1-724x1024.jpg\" alt=\"\" class=\"wp-image-435\" style=\"width:324px;height:auto\" srcset=\"https:\/\/sp2plewiska.edu.pl\/wp-content\/uploads\/2024\/04\/KONKURS-PRZYRODNICZY-1-724x1024.jpg 724w, https:\/\/sp2plewiska.edu.pl\/wp-content\/uploads\/2024\/04\/KONKURS-PRZYRODNICZY-1-212x300.jpg 212w, https:\/\/sp2plewiska.edu.pl\/wp-content\/uploads\/2024\/04\/KONKURS-PRZYRODNICZY-1-768x1086.jpg 768w, https:\/\/sp2plewiska.edu.pl\/wp-content\/uploads\/2024\/04\/KONKURS-PRZYRODNICZY-1-1086x1536.jpg 1086w, https:\/\/sp2plewiska.edu.pl\/wp-content\/uploads\/2024\/04\/KONKURS-PRZYRODNICZY-1-1448x2048.jpg 1448w, https:\/\/sp2plewiska.edu.pl\/wp-content\/uploads\/2024\/04\/KONKURS-PRZYRODNICZY-1.jpg 1587w\" sizes=\"(max-width: 724px) 100vw, 724px\" \/><\/figure>\n<\/div>","protected":false},"excerpt":{"rendered":"<p>Drodzy Uczniowie Klas 7! Serdecznie zapraszamy Was do udzia\u0142u w I Gminnym Konkursie Pi\u0119knego Czytania w J\u0119zyku Angielskim \u201eThe Art of Reading\u201d, organizowanym przez nasz\u0105 szko\u0142\u0119. To wyj\u0105tkowa okazja, by zaprezentowa\u0107 swoje umiej\u0119tno\u015bci j\u0119zykowe, sprawdzi\u0107 si\u0119 w pi\u0119knym czytaniu oraz poczu\u0107 magi\u0119 literatury angloj\u0119zycznej! Etap szkolny odb\u0119dzie si\u0119 25 marca 2025 r. o godzinie 13:55. Informacja o sali zostanie podana przed eliminacjami. Je\u015bli chcecie spr\u00f3bowa\u0107 swoich si\u0142, zg\u0142o\u015bcie si\u0119 do nauczycieli j\u0119zyka angielskiego do 18 marca 2025 r. Podczas eliminacji uczestnicy przeczytaj\u0105 losowo wybrany fragment z pierwszej cz\u0119\u015bci serii o Harrym Potterze \u2013 \u201eHarry Potter and the Philosopher\u2019s Stone\u201d. Najlepsi&#8230; <a href=\"https:\/\/sp2plewiska.edu.pl\/index.php\/konkursy\/\" class=\"readmore\">Czytaj dalej&#8230;<span class=\"screen-reader-text\">Konkursy<\/span><span class=\"fa fa-angle-double-right\" aria-hidden=\"true\"><\/span><\/a><\/p>\n","protected":false},"author":1,"featured_media":0,"parent":0,"menu_order":0,"comment_status":"closed","ping_status":"closed","template":"","meta":{"footnotes":""},"class_list":["post-428","page","type-page","status-publish","hentry"],"yoast_head":"<!-- This site is optimized with the Yoast SEO plugin v21.5 - https:\/\/yoast.com\/wordpress\/plugins\/seo\/ -->\n<title>Konkursy - Szko\u0142a Podstawowa nr 2 im. Marii Sk\u0142odowskiej - Curie<\/title>\n<meta name=\"robots\" content=\"index, follow, max-snippet:-1, max-image-preview:large, max-video-preview:-1\" \/>\n<link rel=\"canonical\" href=\"https:\/\/sp2plewiska.edu.pl\/index.php\/konkursy\/\" \/>\n<meta property=\"og:locale\" content=\"pl_PL\" \/>\n<meta property=\"og:type\" content=\"article\" \/>\n<meta property=\"og:title\" content=\"Konkursy - Szko\u0142a Podstawowa nr 2 im. Marii Sk\u0142odowskiej - Curie\" \/>\n<meta property=\"og:description\" content=\"Drodzy Uczniowie Klas 7! Serdecznie zapraszamy Was do udzia\u0142u w I Gminnym Konkursie Pi\u0119knego Czytania w J\u0119zyku Angielskim \u201eThe Art of Reading\u201d, organizowanym przez nasz\u0105 szko\u0142\u0119. To wyj\u0105tkowa okazja, by zaprezentowa\u0107 swoje umiej\u0119tno\u015bci j\u0119zykowe, sprawdzi\u0107 si\u0119 w pi\u0119knym czytaniu oraz poczu\u0107 magi\u0119 literatury angloj\u0119zycznej! Etap szkolny odb\u0119dzie si\u0119 25 marca 2025 r. o godzinie 13:55. Informacja o sali zostanie podana przed eliminacjami. Je\u015bli chcecie spr\u00f3bowa\u0107 swoich si\u0142, zg\u0142o\u015bcie si\u0119 do nauczycieli j\u0119zyka angielskiego do 18 marca 2025 r. Podczas eliminacji uczestnicy przeczytaj\u0105 losowo wybrany fragment z pierwszej cz\u0119\u015bci serii o Harrym Potterze \u2013 \u201eHarry Potter and the Philosopher\u2019s Stone\u201d. Najlepsi... Czytaj dalej...Konkursy\" \/>\n<meta property=\"og:url\" content=\"https:\/\/sp2plewiska.edu.pl\/index.php\/konkursy\/\" \/>\n<meta property=\"og:site_name\" content=\"Szko\u0142a Podstawowa nr 2 im. Marii Sk\u0142odowskiej - Curie\" \/>\n<meta property=\"article:modified_time\" content=\"2025-03-10T12:12:22+00:00\" \/>\n<meta property=\"og:image\" content=\"https:\/\/sp2plewiska.edu.pl\/wp-content\/uploads\/2025\/03\/konkurs-ang-czyt-1024x585.png\" \/>\n<meta name=\"twitter:card\" content=\"summary_large_image\" \/>\n<meta name=\"twitter:label1\" content=\"Szacowany czas czytania\" \/>\n\t<meta name=\"twitter:data1\" content=\"2 minuty\" \/>\n<script type=\"application\/ld+json\" class=\"yoast-schema-graph\">{\"@context\":\"https:\/\/schema.org\",\"@graph\":[{\"@type\":\"WebPage\",\"@id\":\"https:\/\/sp2plewiska.edu.pl\/index.php\/konkursy\/\",\"url\":\"https:\/\/sp2plewiska.edu.pl\/index.php\/konkursy\/\",\"name\":\"Konkursy - Szko\u0142a Podstawowa nr 2 im. Marii Sk\u0142odowskiej - Curie\",\"isPartOf\":{\"@id\":\"https:\/\/sp2plewiska.edu.pl\/#website\"},\"datePublished\":\"2024-04-10T05:26:38+00:00\",\"dateModified\":\"2025-03-10T12:12:22+00:00\",\"breadcrumb\":{\"@id\":\"https:\/\/sp2plewiska.edu.pl\/index.php\/konkursy\/#breadcrumb\"},\"inLanguage\":\"pl-PL\",\"potentialAction\":[{\"@type\":\"ReadAction\",\"target\":[\"https:\/\/sp2plewiska.edu.pl\/index.php\/konkursy\/\"]}]},{\"@type\":\"BreadcrumbList\",\"@id\":\"https:\/\/sp2plewiska.edu.pl\/index.php\/konkursy\/#breadcrumb\",\"itemListElement\":[{\"@type\":\"ListItem\",\"position\":1,\"name\":\"Home\",\"item\":\"https:\/\/sp2plewiska.edu.pl\/\"},{\"@type\":\"ListItem\",\"position\":2,\"name\":\"Konkursy\"}]},{\"@type\":\"WebSite\",\"@id\":\"https:\/\/sp2plewiska.edu.pl\/#website\",\"url\":\"https:\/\/sp2plewiska.edu.pl\/\",\"name\":\"Szko\u0142a Podstawowa nr 2 im. Marii Sk\u0142odowskiej - Curie\",\"description\":\"w Plewiskach\",\"publisher\":{\"@id\":\"https:\/\/sp2plewiska.edu.pl\/#organization\"},\"potentialAction\":[{\"@type\":\"SearchAction\",\"target\":{\"@type\":\"EntryPoint\",\"urlTemplate\":\"https:\/\/sp2plewiska.edu.pl\/?s={search_term_string}\"},\"query-input\":\"required name=search_term_string\"}],\"inLanguage\":\"pl-PL\"},{\"@type\":\"Organization\",\"@id\":\"https:\/\/sp2plewiska.edu.pl\/#organization\",\"name\":\"Szko\u0142a Podstawowa nr 2 im. Marii Sk\u0142odowskiej - Curie\",\"url\":\"https:\/\/sp2plewiska.edu.pl\/\",\"logo\":{\"@type\":\"ImageObject\",\"inLanguage\":\"pl-PL\",\"@id\":\"https:\/\/sp2plewiska.edu.pl\/#\/schema\/logo\/image\/\",\"url\":\"https:\/\/sp2plewiska.edu.pl\/wp-content\/uploads\/2024\/04\/cropped-cropped-8-1-scaled-1.jpg\",\"contentUrl\":\"https:\/\/sp2plewiska.edu.pl\/wp-content\/uploads\/2024\/04\/cropped-cropped-8-1-scaled-1.jpg\",\"width\":2520,\"height\":936,\"caption\":\"Szko\u0142a Podstawowa nr 2 im. Marii Sk\u0142odowskiej - Curie \"},\"image\":{\"@id\":\"https:\/\/sp2plewiska.edu.pl\/#\/schema\/logo\/image\/\"}}]}<\/script>\n<!-- \/ Yoast SEO plugin. -->","yoast_head_json":{"title":"Konkursy - Szko\u0142a Podstawowa nr 2 im. Marii Sk\u0142odowskiej - Curie","robots":{"index":"index","follow":"follow","max-snippet":"max-snippet:-1","max-image-preview":"max-image-preview:large","max-video-preview":"max-video-preview:-1"},"canonical":"https:\/\/sp2plewiska.edu.pl\/index.php\/konkursy\/","og_locale":"pl_PL","og_type":"article","og_title":"Konkursy - Szko\u0142a Podstawowa nr 2 im. Marii Sk\u0142odowskiej - Curie","og_description":"Drodzy Uczniowie Klas 7! Serdecznie zapraszamy Was do udzia\u0142u w I Gminnym Konkursie Pi\u0119knego Czytania w J\u0119zyku Angielskim \u201eThe Art of Reading\u201d, organizowanym przez nasz\u0105 szko\u0142\u0119. To wyj\u0105tkowa okazja, by zaprezentowa\u0107 swoje umiej\u0119tno\u015bci j\u0119zykowe, sprawdzi\u0107 si\u0119 w pi\u0119knym czytaniu oraz poczu\u0107 magi\u0119 literatury angloj\u0119zycznej! Etap szkolny odb\u0119dzie si\u0119 25 marca 2025 r. o godzinie 13:55. Informacja o sali zostanie podana przed eliminacjami. Je\u015bli chcecie spr\u00f3bowa\u0107 swoich si\u0142, zg\u0142o\u015bcie si\u0119 do nauczycieli j\u0119zyka angielskiego do 18 marca 2025 r. Podczas eliminacji uczestnicy przeczytaj\u0105 losowo wybrany fragment z pierwszej cz\u0119\u015bci serii o Harrym Potterze \u2013 \u201eHarry Potter and the Philosopher\u2019s Stone\u201d. Najlepsi... Czytaj dalej...Konkursy","og_url":"https:\/\/sp2plewiska.edu.pl\/index.php\/konkursy\/","og_site_name":"Szko\u0142a Podstawowa nr 2 im. Marii Sk\u0142odowskiej - Curie","article_modified_time":"2025-03-10T12:12:22+00:00","og_image":[{"url":"https:\/\/sp2plewiska.edu.pl\/wp-content\/uploads\/2025\/03\/konkurs-ang-czyt-1024x585.png"}],"twitter_card":"summary_large_image","twitter_misc":{"Szacowany czas czytania":"2 minuty"},"schema":{"@context":"https:\/\/schema.org","@graph":[{"@type":"WebPage","@id":"https:\/\/sp2plewiska.edu.pl\/index.php\/konkursy\/","url":"https:\/\/sp2plewiska.edu.pl\/index.php\/konkursy\/","name":"Konkursy - Szko\u0142a Podstawowa nr 2 im. Marii Sk\u0142odowskiej - Curie","isPartOf":{"@id":"https:\/\/sp2plewiska.edu.pl\/#website"},"datePublished":"2024-04-10T05:26:38+00:00","dateModified":"2025-03-10T12:12:22+00:00","breadcrumb":{"@id":"https:\/\/sp2plewiska.edu.pl\/index.php\/konkursy\/#breadcrumb"},"inLanguage":"pl-PL","potentialAction":[{"@type":"ReadAction","target":["https:\/\/sp2plewiska.edu.pl\/index.php\/konkursy\/"]}]},{"@type":"BreadcrumbList","@id":"https:\/\/sp2plewiska.edu.pl\/index.php\/konkursy\/#breadcrumb","itemListElement":[{"@type":"ListItem","position":1,"name":"Home","item":"https:\/\/sp2plewiska.edu.pl\/"},{"@type":"ListItem","position":2,"name":"Konkursy"}]},{"@type":"WebSite","@id":"https:\/\/sp2plewiska.edu.pl\/#website","url":"https:\/\/sp2plewiska.edu.pl\/","name":"Szko\u0142a Podstawowa nr 2 im. Marii Sk\u0142odowskiej - Curie","description":"w Plewiskach","publisher":{"@id":"https:\/\/sp2plewiska.edu.pl\/#organization"},"potentialAction":[{"@type":"SearchAction","target":{"@type":"EntryPoint","urlTemplate":"https:\/\/sp2plewiska.edu.pl\/?s={search_term_string}"},"query-input":"required name=search_term_string"}],"inLanguage":"pl-PL"},{"@type":"Organization","@id":"https:\/\/sp2plewiska.edu.pl\/#organization","name":"Szko\u0142a Podstawowa nr 2 im. Marii Sk\u0142odowskiej - Curie","url":"https:\/\/sp2plewiska.edu.pl\/","logo":{"@type":"ImageObject","inLanguage":"pl-PL","@id":"https:\/\/sp2plewiska.edu.pl\/#\/schema\/logo\/image\/","url":"https:\/\/sp2plewiska.edu.pl\/wp-content\/uploads\/2024\/04\/cropped-cropped-8-1-scaled-1.jpg","contentUrl":"https:\/\/sp2plewiska.edu.pl\/wp-content\/uploads\/2024\/04\/cropped-cropped-8-1-scaled-1.jpg","width":2520,"height":936,"caption":"Szko\u0142a Podstawowa nr 2 im. Marii Sk\u0142odowskiej - Curie "},"image":{"@id":"https:\/\/sp2plewiska.edu.pl\/#\/schema\/logo\/image\/"}}]}},"_links":{"self":[{"href":"https:\/\/sp2plewiska.edu.pl\/index.php\/wp-json\/wp\/v2\/pages\/428","targetHints":{"allow":["GET"]}}],"collection":[{"href":"https:\/\/sp2plewiska.edu.pl\/index.php\/wp-json\/wp\/v2\/pages"}],"about":[{"href":"https:\/\/sp2plewiska.edu.pl\/index.php\/wp-json\/wp\/v2\/types\/page"}],"author":[{"embeddable":true,"href":"https:\/\/sp2plewiska.edu.pl\/index.php\/wp-json\/wp\/v2\/users\/1"}],"replies":[{"embeddable":true,"href":"https:\/\/sp2plewiska.edu.pl\/index.php\/wp-json\/wp\/v2\/comments?post=428"}],"version-history":[{"count":6,"href":"https:\/\/sp2plewiska.edu.pl\/index.php\/wp-json\/wp\/v2\/pages\/428\/revisions"}],"predecessor-version":[{"id":785,"href":"https:\/\/sp2plewiska.edu.pl\/index.php\/wp-json\/wp\/v2\/pages\/428\/revisions\/785"}],"wp:attachment":[{"href":"https:\/\/sp2plewiska.edu.pl\/index.php\/wp-json\/wp\/v2\/media?parent=428"}],"curies":[{"name":"wp","href":"https:\/\/api.w.org\/{rel}","templated":true}]}}